s 10523338 a multiple of 49?
True
Does 45 divide 318136185?
True
Is 19146949 a multiple of 5?
False
Is 14931200 a multiple of 400?
True
Is 222 a factor of 204183168?
True
Does 18 divide 10666774?
False
Does 223 divide 83791581?
True
Does 31 divide 109304647?
False
Does 3400 divide 104830962?
False
Is 13531358 a multiple of 1294?
True
Does 582 divide 17745622?
False
Does 390 divide 534752790?
True
Is 1356 a factor of 120396528?
True
Does 11 divide 92184884?
True
Is 43994880 a multiple of 16?
True
Does 283 divide 70368927?
False
Is 27254417 a multiple of 19?
True
Is 138 a factor of 1671616240?
False
Is 31 a factor of 485030402?
True
Is 10208314 a multiple of 95?
False
Is 30 a factor of 4218433?
False
Is 63 a factor of 2040402056?
False
Is 12795 a factor of 901793413?
False
Is 29672300 a multiple of 644?
True
Is 17 a factor of 62553722?
False
Is 2223114926 a multiple of 2970?
False
Is 47882536 a multiple of 26?
True
Is 16 a factor of 4166559?
False
Is 40 a factor of 994215440?
True
Does 1578 divide 462556911?
False
Does 3 divide 10533211?
False
Is 15641820 a multiple of 402?
True
Is 1054 a factor of 1337062615?
False
Is 289 a factor of 120009273?
True
Is 34 a factor of 921457700?
False
Is 626 a factor of 2814994296?
True
Is 1081 a factor of 28727694?
False
Is 218147298 a multiple of 4857?
True
Does 199 divide 435035890?
True
Is 8559129 a multiple of 90?
False
Is 19948348 a multiple of 770?
False
Is 236291407 a multiple of 952?
False
Is 85338528 a multiple of 264?
True
Does 24 divide 15676356?
False
Does 3254 divide 173566098?
False
Does 271 divide 71161890?
True
Does 505 divide 30455419?
False
Does 51 divide 84924384?
True
Does 116 divide 39620830?
False
Is 97 a factor of 131989918?
False
Is 9 a factor of 372771054?
True
Is 33 a factor of 2547856682?
False
Is 10 a factor of 2205563980?
True
Is 746680172 a multiple of 28?
True
Is 290268795 a multiple of 255?
True
Does 159 divide 24042390?
True
Is 25056361 a multiple of 97?
True
Is 2541785903 a multiple of 11?
False
Is 734 a factor of 1086253940?
True
Does 260 divide 745584110?
False
Does 4 divide 113870708?
True
Is 429 a factor of 872955027?
False
Does 190 divide 56181100?
True
Does 913 divide 21245510?
True
Is 69851490 a multiple of 603?
False
Is 1950 a factor of 387802350?
True
Is 621 a factor of 491530037?
False
Is 183346487 a multiple of 21?
False
Is 420 a factor of 981823614?
False
Is 11913574 even?
True
Is 152 a factor of 1414513870?
False
Does 5 divide 376567533?
False
Is 52342987 a multiple of 708?
False
Is 800891745 a multiple of 123?
True
Is 21 a factor of 580252197?
True
Does 7 divide 26880182?
True
Is 403191503 a multiple of 11?
True
Is 1526571069 a multiple of 25?
False
Is 776 a factor of 1610462288?
True
Is 1449 a factor of 33112548?
True
Is 92 a factor of 2753974828?
True
Is 493 a factor of 45330857?
True
Does 11 divide 161779541?
True
Is 373 a factor of 39821347?
False
Is 86911296 a multiple of 368?
True
Is 266 a factor of 3265816051?
False
Is 3 a factor of 1923621?
True
Is 166 a factor of 876435346?
True
Is 59 a factor of 1530089952?
True
Is 5 a factor of 282956744?
False
Is 7 a factor of 12656349?
False
Is 284 a factor of 1676531?
False
Does 4415 divide 358621620?
True
Is 54 a factor of 4235818?
False
Is 5501 a factor of 1088042790?
True
Does 27 divide 269459888?
False
Does 104 divide 398090847?
False
Is 85 a factor of 17724057?
False
Is 23 a factor of 1990006752?
False
Is 803491780 a multiple of 182?
True
Is 1762236051 a multiple of 41?
False
Is 17 a factor of 46680096?
True
Is 62989608 a multiple of 67?
False
Is 18 a factor of 474789384?
True
Does 19 divide 1035493445?
True
Is 1110530845 a multiple of 19?
False
Does 1488 divide 1379867?
False
Is 4887 a factor of 2068259282?
False
Is 41 a factor of 525503765?
True
Does 959 divide 170118928?
True
Does 12 divide 1643228817?
False
Does 256 divide 499912448?
True
Does 42 divide 2871661212?
True
Does 141 divide 5144385?
True
Is 758 a factor of 780809205?
False
Does 18 divide 250857900?
True
Is 906 a factor of 1430154522?
True
Does 5 divide 1785378785?
True
Does 46 divide 1325211?
False
Is 6702072 a multiple of 213?
False
Is 358783165 a multiple of 13?
True
Is 5969101233 a multiple of 11220?
False
Is 8031 a factor of 227572251?
False
Is 634666841 a multiple of 149?
True
Does 8 divide 1720028735?
False
Does 2310 divide 525499590?
True
Is 9 a factor of 3135796722?
True
Is 505 a factor of 417635?
True
Is 102220596 a multiple of 12?
True
Is 1044467102 a multiple of 442?
False
Is 535 a factor of 9900710?
True
Does 4472 divide 652746536?
True
Is 43641586 a multiple of 3988?
False
Is 1017948512 a multiple of 56?
True
Does 76 divide 1386393292?
True
Is 970311217 a multiple of 32?
False
Is 1295978424 a multiple of 12?
True
Is 57888132 a multiple of 38?
False
Is 3151 a factor of 1745124632?
True
Is 7 a factor of 448939876?
True
Is 7 a factor of 54735751?
True
Is 35110373 a multiple of 22?
False
Is 2467 a factor of 48656641?
True
Is 13949974 a multiple of 653?
False
Does 2 divide 19755447?
False
Does 39 divide 340793088?
False
Is 12 a factor of 31103292?
True
Is 5399274 a multiple of 5?
False
Is 15067338 a multiple of 187?
True
Is 531645528 a multiple of 12?
True
Is 2593882 a multiple of 243?
False
Is 72 a factor of 1634019981?
False
Is 152691945 a multiple of 15?
True
Is 136103200 a multiple of 40?
True
Is 1410320 a multiple of 6?
False
Is 60418215 a multiple of 615?
True
Is 27769742 a multiple of 121?
True
Does 44 divide 57023296?
True
Is 7723440 a multiple of 90?
True
Does 535 divide 46011070?
True
Is 63509783 a multiple of 51?
False
Is 415 a factor of 113999011?
False
Is 15 a factor of 588043040?
False
Is 1298 a factor of 1200816144?
True
Is 8470627 a multiple of 1419?
False
Does 918 divide 238244868?
True
Does 302 divide 81245735?
False
Is 678508145 a multiple of 2273?
False
Is 22 a factor of 3400?
False
Is 68272160 a multiple of 880?
True
Is 1851 a factor of 332384070?
True
Does 2972 divide 1282575516?
True
Is 30 a factor of 70045110?
True
Is 1695828079 a multiple of 1751?
False
Is 163620497 a multiple of 25?
False
Is 6321 a factor of 720871891?
False
Is 1041 a factor of 74351797?
False
Is 291 a factor of 100596512?
False
Is 4 a factor of 425171604?
True
Does 67 divide 85266210?
True
Is 265134012 a multiple of 33?
True
Does 17 divide 168823923?
True
Is 600 a factor of 2711143800?
True
Is 46389701 a multiple of 18?
False
Does 14 divide 6692713?
False
Is 304695792 a multiple of 2?
True
Is 35 a factor of 29774214?
False
Is 1543707206 a multiple of 166?
True
Does 451 divide 144364761?
False
Does 1743 divide 384404706?
True
Does 4 divide 172260?
True
Is 119454532 a multiple of 21?
False
Is 76540236 a multiple of 978?
True
Is 4951087 a multiple of 173?
True
Is 447 a factor of 2537950845?
False
Is 19628472 a multiple of 408?
True
Is 966 a factor of 4148970?
True
Is 2875625 a multiple of 465?
False
Does 2728 divide 204111243?
False
Is 4831144 a multiple of 13?
False
Does 25 divide 35182700?
True
Does 5 divide 187806953?
False
Is 109077221 a multiple of 60?
False
Is 778194334 a multiple of 194?
True
Is 30 a factor of 45041322?
False
Is 976 a factor of 20480647?
False
Is 130 a factor of 3238243970?
True
Is 238858845 a multiple of 631?
False
Is 74800974 a multiple of 2231?
False
Is 1459184446 a multiple of 22?
False
Does 1034 divide 1587610838?
True
Does 27 divide 17821593?
True
Is 39 a factor of 13567487?
False
Does 469 divide 1301142479?
True
Is 31 a factor of 6416969?
True
Is 20225030 a multiple of 48?
False
Is 17 a factor of 4272545058?
False
Is 51829804 a multiple of 13?
True
Is 654 a factor of 1516626?
True
Is 105196268 a multiple of 70?
False
Does 11 divide 1860764994?
True
Is 70758292 a multiple of 22?
True
Is 209 a factor of 106992534?
True
Is 70 a factor of 358815310?
True
Is 1408631742 a multiple of 21?
True
Is 12065565 a multiple of 34?
False
Does 35 divide 73238552?
False
Does 1689 divide 70612023?
True
Is 486 a factor of 22774756?
False
Is 1888 a factor of 93928902?
False
Is 5427984 a multiple of 2?
True
Does 69 divide 151679099?
False
Is 388247646 a multiple of 983?
True
Is 5527 a factor of 1871945157?
True
Is 1921 a factor of 36164436?
False
Is 77564111 a multiple of 10?
False
Does 1731 divide 119796305?
False
Is 7 a factor of 10